{"id":943,"date":"2020-11-29T23:51:47","date_gmt":"2020-11-29T23:51:47","guid":{"rendered":"http:\/\/intertec.com.py\/?page_id=943"},"modified":"2020-11-30T00:58:10","modified_gmt":"2020-11-30T00:58:10","slug":"claro-internet","status":"publish","type":"page","link":"https:\/\/intertec.com.py\/index.php\/claro-internet\/","title":{"rendered":"CLARO INTERNET"},"content":{"rendered":"<div id=\"aq-template-wrapper-956\" class=\"aq-template-wrapper aq_row\"><div class='no_show_effect gray_section ' style=' background-color:#f8f8f8;border-top-color:#e5e5e5; border-bottom-color:#e5e5e5; padding-bottom:40px; padding-top:80px;'><div class='container'><div class='row'><div class='col-md-12'><\/div><\/div><\/div><div class=\"container content_container\"><div class=\"row\"><div id=\"aq-block-2\" class=\"aq-block  aq-block-aq_image_block col-md-6  aq-first cf\"><div class='image_container no_show_effect no-border' ><img src='http:\/\/intertec.com.py\/wp-content\/uploads\/2023\/11\/mas-internet-en-tu-celular.jpg' class='alignnone' \/><\/div><\/div><div id=\"aq-block-3\" class=\"aq-block  aq-block-aq_text_block col-md-6   cf\"><h3 class=\"title thin_title\">SOLICITUD DE SERVICIOS DE INTERNET<\/h3><div class='no_show_effect'><div role=\"form\" class=\"wpcf7\" id=\"wpcf7-f996-o1\" lang=\"en-US\" dir=\"ltr\">\n<div class=\"screen-reader-response\">\n<p role=\"status\" aria-live=\"polite\" aria-atomic=\"true\">\n<ul><\/ul>\n<\/div>\n<form action=\"\/index.php\/wp-json\/wp\/v2\/pages\/943#wpcf7-f996-o1\" method=\"post\" class=\"wpcf7-form init\" novalidate=\"novalidate\" data-status=\"init\">\n<div style=\"display: none;\">\n<input type=\"hidden\" name=\"_wpcf7\" value=\"996\" \/><br \/>\n<input type=\"hidden\" name=\"_wpcf7_version\" value=\"5.3\" \/><br \/>\n<input type=\"hidden\" name=\"_wpcf7_locale\" value=\"en_US\" \/><br \/>\n<input type=\"hidden\" name=\"_wpcf7_unit_tag\" value=\"wpcf7-f996-o1\" \/><br \/>\n<input type=\"hidden\" name=\"_wpcf7_container_post\" value=\"0\" \/><br \/>\n<input type=\"hidden\" name=\"_wpcf7_posted_data_hash\" value=\"\" \/>\n<\/div>\n<div class=\"row\">\n<label>Pag\u00e1 menos por fibra \u00f3ptica. Adem\u00e1s el costo de instalaci\u00f3n y el primer mes son GRATIS! Contamos con planes de 50, 100 y 300 mbps.<br \/>\n<label><br \/>\n<span class=\"wpcf7-form-control-wrap nombre2\"><input type=\"text\" name=\"nombre2\" value=\"\" size=\"40\" class=\"wpcf7-form-control wpcf7-text wpcf7-validates-as-required\" aria-required=\"true\" aria-invalid=\"false\" placeholder=\"TU NOMBRE AQU\u00cd\" \/><\/span><br \/>\n<span class=\"wpcf7-form-control-wrap nombre3\"><input type=\"text\" name=\"nombre3\" value=\"\" size=\"40\" class=\"wpcf7-form-control wpcf7-text wpcf7-validates-as-required\" aria-required=\"true\" aria-invalid=\"false\" placeholder=\"TU TEL\u00c9FONO AQU\u00cd\" \/><\/span><br \/>\n<span class=\"wpcf7-form-control-wrap nombre4\"><input type=\"text\" name=\"nombre4\" value=\"\" size=\"40\" class=\"wpcf7-form-control wpcf7-text wpcf7-validates-as-required\" aria-required=\"true\" aria-invalid=\"false\" placeholder=\"TU N\u00daMERO DE CEDULA AQU\u00cd\" \/><\/span><br \/>\n<span class=\"wpcf7-form-control-wrap email-985\"><input type=\"email\" name=\"email-985\" value=\"\" size=\"40\" class=\"wpcf7-form-control wpcf7-text wpcf7-email wpcf7-validates-as-email\" aria-invalid=\"false\" placeholder=\"TU CORREO AQU\u00cd\" \/><\/span><br \/>\n<span class=\"wpcf7-form-control-wrap nombre5\"><input type=\"text\" name=\"nombre5\" value=\"\" size=\"40\" class=\"wpcf7-form-control wpcf7-text wpcf7-validates-as-required\" aria-required=\"true\" aria-invalid=\"false\" placeholder=\"ELEG\u00cd TU PLAN 50, 100 0 300 MBPS\" \/><\/span><br \/>\n<span class=\"wpcf7-form-control-wrap nombre6\"><input type=\"text\" name=\"nombre6\" value=\"\" size=\"40\" class=\"wpcf7-form-control wpcf7-text wpcf7-validates-as-required\" aria-required=\"true\" aria-invalid=\"false\" placeholder=\"CIUDAD\" \/><\/span><br \/>\n<span class=\"wpcf7-form-control-wrap nombre7\"><input type=\"text\" name=\"nombre7\" value=\"\" size=\"40\" class=\"wpcf7-form-control wpcf7-text wpcf7-validates-as-required\" aria-required=\"true\" aria-invalid=\"false\" placeholder=\"BARRIO\" \/><\/span><br \/>\n<span class=\"wpcf7-form-control-wrap nombre8\"><input type=\"text\" name=\"nombre8\" value=\"\" size=\"40\" class=\"wpcf7-form-control wpcf7-text wpcf7-validates-as-required\" aria-required=\"true\" aria-invalid=\"false\" placeholder=\"CALLE UNO\" \/><\/span><br \/>\n<span class=\"wpcf7-form-control-wrap nombre9\"><input type=\"text\" name=\"nombre9\" value=\"\" size=\"40\" class=\"wpcf7-form-control wpcf7-text wpcf7-validates-as-required\" aria-required=\"true\" aria-invalid=\"false\" placeholder=\"CALLE DOS\" \/><\/span><\/p>\n<p><span class=\"wpcf7-form-control-wrap checkbox-92\"><span class=\"wpcf7-form-control wpcf7-checkbox\"><\/span><\/span><input type=\"submit\" value=\"ENVIAR\" class=\"wpcf7-form-control wpcf7-submit\" \/><\/p>\n<div class=\"wpcf7-response-output\" aria-hidden=\"true\"><\/div>\n<\/form>\n<\/div>\n<\/div><\/div><\/div><\/div><div class=\"container\"><div class=\"row\"><div class=\"col-md-12 seperator_shadow\" style=\"margin-top:30px;margin-bottom:30px;\"><\/div><\/div><\/div><\/div><\/div>\n","protected":false},"excerpt":{"rendered":"SOLICITUD DE SERVICIOS DE INTERNET Pag\u00e1 menos por fibra \u00f3ptica. Adem\u00e1s el costo de instalaci\u00f3n y el primer mes son GRATIS! Contamos con planes de 50, 100 y 300 mbps.","protected":false},"author":1,"featured_media":0,"parent":0,"menu_order":0,"comment_status":"closed","ping_status":"closed","template":"page-templates\/pagebuilder.php","meta":[],"_links":{"self":[{"href":"https:\/\/intertec.com.py\/index.php\/wp-json\/wp\/v2\/pages\/943"}],"collection":[{"href":"https:\/\/intertec.com.py\/index.php\/wp-json\/wp\/v2\/pages"}],"about":[{"href":"https:\/\/intertec.com.py\/index.php\/wp-json\/wp\/v2\/types\/page"}],"author":[{"embeddable":true,"href":"https:\/\/intertec.com.py\/index.php\/wp-json\/wp\/v2\/users\/1"}],"replies":[{"embeddable":true,"href":"https:\/\/intertec.com.py\/index.php\/wp-json\/wp\/v2\/comments?post=943"}],"version-history":[{"count":2,"href":"https:\/\/intertec.com.py\/index.php\/wp-json\/wp\/v2\/pages\/943\/revisions"}],"predecessor-version":[{"id":958,"href":"https:\/\/intertec.com.py\/index.php\/wp-json\/wp\/v2\/pages\/943\/revisions\/958"}],"wp:attachment":[{"href":"https:\/\/intertec.com.py\/index.php\/wp-json\/wp\/v2\/media?parent=943"}],"curies":[{"name":"wp","href":"https:\/\/api.w.org\/{rel}","templated":true}]}}